85 a multiple of 1375?
False
Is 16 a factor of 3172019648?
True
Is 1421895316 a multiple of 59?
False
Is 265 a factor of 53926970?
True
Is 17 a factor of 744605831?
True
Is 39 a factor of 44310972?
False
Is 4276 a factor of 43854603?
False
Is 42770956 a multiple of 191?
False
Is 175000765 a multiple of 15?
False
Is 1390089195 a multiple of 15?
True
Does 2573 divide 1782056642?
False
Is 210051573 a multiple of 1663?
False
Is 314402550 a multiple of 1630?
True
Is 12 a factor of 9525604?
False
Is 674881765 a multiple of 113?
True
Does 11 divide 188206799?
True
Is 4039 a factor of 414215606?
True
Does 42 divide 440164358?
False
Is 99393701 a multiple of 29?
True
Does 3 divide 1961389?
False
Is 2351 a factor of 224421632?
False
Is 3336051629 a multiple of 125?
False
Is 13 a factor of 670144423?
True
Does 18 divide 11138292?
True
Is 159 a factor of 134596742?
False
Does 73 divide 12240260?
False
Does 647 divide 143024008?
False
Does 28 divide 84329868?
True
Does 398 divide 21609808?
True
Is 161868818 a multiple of 576?
False
Is 203682223 a multiple of 19?
True
Is 56 a factor of 9498272?
True
Is 11397048 a multiple of 451?
False
Is 12275864 a multiple of 19?
False
Is 16 a factor of 3378288?
True
Is 47591220 a multiple of 1365?
False
Is 58094004 a multiple of 9?
False
Is 350897992 a multiple of 86?
False
Does 19 divide 1900513?
True
Is 639447 even?
False
Is 13060801 a multiple of 8?
False
Is 8 a factor of 1241101864?
True
Does 21 divide 2573356821?
True
Does 1126 divide 84327266?
True
Is 209115844 a multiple of 5259?
False
Is 46 a factor of 235201694?
False
Is 1386253186 a multiple of 6467?
True
Is 259714930 a multiple of 51?
False
Does 372 divide 7336963?
False
Does 1165 divide 178121623?
False
Is 20016787 a multiple of 3?
False
Does 1232 divide 578627280?
True
Does 18 divide 576048072?
False
Does 30 divide 39785929?
False
Is 9304 a factor of 585510024?
True
Is 24 a factor of 1048330928?
False
Is 5796174 a multiple of 66?
False
Does 96 divide 686559042?
False
Is 19233720 a multiple of 132?
True
Does 16 divide 309660509?
False
Does 644 divide 1095494876?
True
Is 263 a factor of 1142358384?
True
Does 482 divide 6011371?
False
Does 509 divide 51164171?
True
Is 352 a factor of 11810656?
True
Does 24 divide 57402888?
True
Does 13 divide 632621730?
True
Is 20 a factor of 6049982019?
False
Does 59 divide 444249757?
False
Is 2386 a factor of 35112230?
False
Does 614 divide 283310041?
False
Is 78 a factor of 83748288?
True
Is 394480951 a multiple of 1830?
False
Is 17290054 a multiple of 444?
False
Does 5 divide 272437015?
True
Is 324071856 a multiple of 274?
True
Is 60 a factor of 25961216?
False
Is 46170714 a multiple of 6?
True
Does 323 divide 128119501?
False
Is 73837915 a multiple of 5?
True
Is 27317237 a multiple of 97?
True
Is 2203713720 a multiple of 5428?
True
Is 21 a factor of 105041654?
False
Is 7 a factor of 6085498?
False
Does 81 divide 41616504?
True
Is 40285665 a multiple of 153?
True
Is 1198 a factor of 44377514?
True
Is 222 a factor of 295255560?
True
Is 49521885 a multiple of 103?
True
Is 15 a factor of 2820540826?
False
Does 5255 divide 1660599142?
False
Does 2986 divide 34745401?
False
Is 35604810 a multiple of 9?
True
Does 31 divide 44126696?
False
Is 844190527 a multiple of 14?
False
Is 3135072 a multiple of 68?
True
Is 176 a factor of 1225072?
False
Does 9 divide 152869473?
True
Does 17 divide 11543751?
False
Is 102935160 a multiple of 1818?
True
Does 235 divide 152289870?
True
Is 28 a factor of 148961848?
True
Is 99 a factor of 6985143?
True
Does 8 divide 451609034?
False
Is 540779540 a multiple of 10?
True
Is 9271447 a multiple of 416?
False
Is 1222 a factor of 31803860?
False
Is 114013332 a multiple of 2402?
True
Is 528 a factor of 33713060?
False
Does 14 divide 1150426021?
False
Is 1099371368 a multiple of 344?
True
Is 2564 a factor of 6569364?
False
Is 119645575 a multiple of 307?
True
Does 9 divide 136487628?
True
Does 7 divide 7194761?
True
Is 135839025 a multiple of 555?
True
Is 4270 a factor of 713384732?
False
Is 360 a factor of 410095447?
False
Is 369 a factor of 19341873?
True
Is 30 a factor of 25974605?
False
Is 1684914112 a multiple of 5728?
True
Is 636 a factor of 208349208?
False
Is 22 a factor of 3745456?
True
Is 40 a factor of 84418874?
False
Is 67211777 a multiple of 131?
True
Does 355 divide 9490570?
True
Is 4072 a factor of 444947508?
False
Does 270 divide 1424497860?
True
Does 27 divide 44107389?
True
Is 52 a factor of 123890421?
False
Does 45 divide 140638614?
False
Is 9 a factor of 699672907?
False
Does 432 divide 17553443?
False
Does 116 divide 49768464?
False
Is 719189310 a multiple of 14?
True
Does 107 divide 100632644?
True
Does 2 divide 45678118?
True
Is 10 a factor of 376526830?
True
Does 23 divide 233142628?
True
Does 5 divide 472431920?
True
Is 187433140 a multiple of 820?
True
Is 32922740 a multiple of 228?
False
Is 221039999 a multiple of 261?
False
Is 852 a factor of 8095080?
False
Does 185 divide 41689579?
False
Is 12778 a factor of 521038394?
False
Is 4365532948 a multiple of 532?
True
Is 4612042917 a multiple of 3741?
False
Does 213 divide 1108069026?
True
Is 6519636 a multiple of 6?
True
Is 159853385 a multiple of 53?
False
Is 131928825 a multiple of 3675?
True
Is 737072217 a multiple of 5103?
True
Is 401296425 a multiple of 75?
True
Is 83 a factor of 1363340819?
True
Is 14 a factor of 1707221230?
False
Is 2115742005 a multiple of 195?
True
Does 18 divide 12890286?
True
Is 3 a factor of 260935167?
True
Does 99 divide 33418277?
False
Does 44 divide 6795810539?
False
Is 3036 a factor of 34300728?
True
Is 55 a factor of 3143169480?
True
Is 34 a factor of 25588897?
False
Does 12 divide 50649082?
False
Does 25 divide 286601575?
True
Is 65894104 a multiple of 13?
False
Does 41 divide 1819271352?
True
Is 358917720 a multiple of 7?
True
Is 151487069 a multiple of 107?
True
Is 668153352 a multiple of 11?
False
Is 1589 a factor of 155048264?
True
Is 37793465 a multiple of 3145?
True
Is 33 a factor of 287809513?
False
Is 208199586 a multiple of 3227?
True
Is 29159736 a multiple of 6?
True
Does 74 divide 2379154242?
True
Does 88 divide 581358008?
True
Is 1292 a factor of 25846460?
True
Is 10628 a factor of 2322579352?
True
Is 44 a factor of 5853012?
True
Is 16 a factor of 1497493396?
False
Is 1028 a factor of 293610164?
True
Does 103 divide 56133679?
False
Is 420 a factor of 352145220?
True
Does 1066 divide 27943428?
False
Is 2607602 a multiple of 9?
False
Is 12 a factor of 288345191?
False
Is 5 a factor of 18468440?
True
Does 40 divide 348565480?
True
Does 5 divide 3016478?
False
Is 130 a factor of 2558842802?
False
Is 2720 a factor of 43574400?
True
Is 28 a factor of 2363966?
False
Is 95607075 a multiple of 6?
False
Is 61 a factor of 100729910?
True
Is 191 a factor of 18286276?
False
Is 248168820 a multiple of 29?
False
Is 165 a factor of 1559369856?
False
Does 18 divide 5587770?
False
Is 3058 a factor of 2547390450?
True
Is 326 a factor of 310399387?
False
Is 1041 a factor of 20300158?
False
Is 52 a factor of 209803724?
True
Is 52 a factor of 77833997?
False
Does 318 divide 267969351?
False
Does 1784 divide 28269423?
False
Is 3330 a factor of 430497369?
False
Is 2601187556 a multiple of 124?
True
Is 4782993019 a multiple of 439?
False
Is 22383446 a multiple of 262?
True
Is 171 a factor of 237787213?
False
Does 2165 divide 74274655?
True
Is 35 a factor of 34423305?
True
Does 173 divide 149618185?
True
Does 13 divide 7316584?
False
Is 37 a factor of 45695296?
True
Does 186 divide 48329255?
False
Does 40 divide 27037892?
False
Is 250446382 a multiple of 17?
False
Does 11 divide 12421473?
False
Is 49 a factor of 463485758?
False
Is 82834925 a multiple of 198?
False
Is 18 a factor of 2426468202?
True
Does 14 divide 1590739372?
False
Is 21 a factor of 66700284?
True
Is 2 a factor of 2385531?
False
Does 86 divide 28349902?
False
Is 50798952 a multiple of 261?
True
Is 98873741 a multiple of 1449?
False
Does 12 divide 78786072?
True
Does 2213 divide 130392173?
True
Is 225313068 a multiple of 4905?
False
Is 18 a factor of 133467507?
False
Is 1545 a factor of 8238586?
False
Does 175 divide 27593802?
False
Is 131 a factor of 36889862?
True
Is 7777724 a multiple of 3?
False
Is 59 a factor of 31816576?
True
Does 21 d